ite?
False
Is 70171 a prime number?
False
Is 374723 a prime number?
False
Is 174367 a prime number?
True
Is 21055 a composite number?
True
Is 351913 a prime number?
True
Is 5534 prime?
False
Is 3347 a prime number?
True
Is 985109 a composite number?
False
Is 128663 a composite number?
False
Is 874847 composite?
False
Is 52663 composite?
True
Is 1588915 a prime number?
False
Is 231799 composite?
False
Is 161221 composite?
False
Is 143693 a composite number?
True
Is 967 prime?
True
Is 151709 a composite number?
True
Is 653311 prime?
True
Is 149999 a prime number?
False
Is 2473 a composite number?
False
Is 34165 a composite number?
True
Is 321143 a prime number?
True
Is 590713 a prime number?
True
Is 15259 a prime number?
True
Is 85 a composite number?
True
Is 42286 a prime number?
False
Is 21361 a composite number?
True
Is 515567 composite?
True
Is 2095 a prime number?
False
Is 13813 a composite number?
True
Is 12457 composite?
False
Is 1918087 a prime number?
True
Is 11851 a prime number?
False
Is 341423 a composite number?
False
Is 23417 composite?
False
Is 2411 composite?
False
Is 67453 composite?
False
Is 131413 a prime number?
True
Is 144151 prime?
False
Is 424769 prime?
True
Is 27437 prime?
True
Is 7613 a composite number?
True
Is 140629 composite?
False
Is 95857 a composite number?
False
Is 33697 a composite number?
True
Is 71317 prime?
True
Is 23953 composite?
True
Is 476195 prime?
False
Is 40861 a prime number?
False
Is 102965 a composite number?
True
Is 82981 a prime number?
True
Is 15098 composite?
True
Is 12373 prime?
True
Is 10123 prime?
False
Is 738119 a prime number?
False
Is 313927 a composite number?
True
Is 671467 composite?
False
Is 378733 composite?
False
Is 3201617 composite?
False
Is 105059 prime?
False
Is 47939 a composite number?
False
Is 124923 a composite number?
True
Is 8663 a composite number?
False
Is 214951 composite?
True
Is 95905 prime?
False
Is 163 prime?
True
Is 1117781 prime?
False
Is 69614 prime?
False
Is 443 a prime number?
True
Is 65479 composite?
False
Is 24469 a composite number?
False
Is 977 prime?
True
Is 1709 composite?
False
Is 168923 prime?
False
Is 13613 composite?
False
Is 198761 a prime number?
True
Is 1480459 a prime number?
True
Is 39133 composite?
False
Is 35314 composite?
True
Is 314021 a composite number?
False
Is 1049 prime?
True
Is 15441 a composite number?
True
Is 42323 prime?
True
Is 22597 a composite number?
True
Is 176371 a prime number?
False
Is 39419 composite?
False
Is 17843 prime?
False
Is 94477 prime?
True
Is 253853 a prime number?
True
Is 498506 prime?
False
Is 60077 prime?
True
Is 12185 a prime number?
False
Is 170119 a prime number?
False
Is 338369 composite?
False
Is 64109 composite?
False
Is 33287 a composite number?
False
Is 104911 a composite number?
False
Is 2081 prime?
True
Is 16391 composite?
True
Is 3109 prime?
True
Is 62251 a composite number?
True
Is 4871 a composite number?
False
Is 52645 composite?
True
Is 1103 prime?
True
Is 77839 prime?
True
Is 118831 composite?
False
Is 20471 prime?
False
Is 2450755 a composite number?
True
Is 73517 a composite number?
False
Is 244679 prime?
False
Is 95507 a composite number?
False
Is 14179 prime?
False
Is 2309 a composite number?
False
Is 73973 composite?
False
Is 228229 a prime number?
False
Is 16909 composite?
True
Is 1969 prime?
False
Is 274829 a prime number?
True
Is 17285 a prime number?
False
Is 12871 a prime number?
False
Is 47665 a composite number?
True
Is 625603 a prime number?
False
Is 9197 composite?
True
Is 5878 a prime number?
False
Is 194647 a prime number?
True
Is 512753 a prime number?
False
Is 46015 a composite number?
True
Is 39145 prime?
False
Is 85597 composite?
False
Is 18589 composite?
True
Is 914689 composite?
True
Is 11477 composite?
True
Is 6173 a prime number?
True
Is 5479 a composite number?
False
Is 1795 a prime number?
False
Is 476693 prime?
False
Is 42233 a composite number?
True
Is 714523 a prime number?
False
Is 71623 a prime number?
False
Is 155 composite?
True
Is 5165 composite?
True
Is 1104029 a prime number?
False
Is 3557 a prime number?
True
Is 61169 composite?
False
Is 4547 prime?
True
Is 10753 a prime number?
True
Is 153259 composite?
False
Is 437677 a composite number?
False
Is 166999 composite?
True
Is 125777 prime?
True
Is 82487 a composite number?
False
Is 193741 a prime number?
True
Is 98317 a prime number?
True
Is 774031 prime?
False
Is 22189 a composite number?
False
Is 47927 prime?
False
Is 61573 a prime number?
False
Is 252429 a prime number?
False
Is 319258 composite?
True
Is 11279 prime?
True
Is 347017 a composite number?
True
Is 2899 prime?
False
Is 24251 prime?
True
Is 286333 prime?
True
Is 50789 a prime number?
True
Is 128813 a composite number?
False
Is 1523 a prime number?
True
Is 54659 composite?
True
Is 7013 a composite number?
False
Is 153269 composite?
False
Is 8857 prime?
False
Is 837017 prime?
True
Is 92329 composite?
True
Is 291219 a composite number?
True
Is 6521 a prime number?
True
Is 911819 composite?
False
Is 993 prime?
False
Is 18463 prime?
False
Is 346621 a composite number?
True
Is 7411 a composite number?
False
Is 36077 a composite number?
True
Is 4749055 a composite number?
True
Is 16843 composite?
False
Is 851813 a prime number?
True
Is 188029 a composite number?
False
Is 174347 prime?
True
Is 3203 a composite number?
False
Is 575017 prime?
False
Is 109567 a composite number?
False
Is 114883 composite?
False
Is 1693 a prime number?
True
Is 40143 a composite number?
True
Is 8267 prime?
False
Is 21377 a prime number?
True
Is 9487 composite?
True
Is 308359 composite?
False
Is 48347 a prime number?
False
Is 2833 a prime number?
True
Is 1242723 composite?
True
Is 1090707 prime?
False
Is 472881 a prime number?
False
Is 1243 prime?
False
Is 391093 a prime number?
False
Is 717047 composite?
False
Is 50683 composite?
False
Is 448843 a prime number?
True
Is 107069 composite?
False
Is 270719 prime?
True
Is 613289 prime?
True
Is 57823 a composite number?
True
Is 10869 prime?
False
Is 1649 prime?
False
Is 530797 a composite number?
False
Is 2879 a prime number?
True
Is 43691 a prime number?
True
Is 7057 a prime number?
True
Is 5557 a composite number?
False
Is 249082 composite?
True
Is 20395 a prime number?
False
Is 139 composite?
False
Is 7981 prime?
False
Is 2333 a prime number?
True
Is 20613 prime?
False
Is 2411 composite?
False
Is 488371 a prime number?
False
Is 8859 prime?
False
Is 507107 prime?
False
Is 326369 prime?
True
Is 368833 composite?
False
Is 27443 prime?
False
Is 426453 composite?
True
Is 12319 composite?
True
Is 6769 prime?
False
Is 2286239 a prime number?
True
Is 7603 a composite number?
False
Is 13921 composite?
False
Is 9411 a prime number?
False
Is 2856149 a prime number?
True
Is 673327 a prime number?
True
Is 257629 a prime number?
False
Is 37279 composite?
True
Is 41487 prime?
False
Is 1474222 composite?
True
Is 9869 composite?
True
Is 279301 prime?
False
Is 852323 prime?
True
Is 7411 a prime number?
True
Is 62581 prime?
True
Is 517451 composite?
True
Is 1299167 a prime number?
False
Is 251857 a prime number?
True
Is 29513 a composite number?
True
Is 24383 composite?
True
Is 511141 a composite number?
True
Is 5597 a composite number?
True
Is 36749 a composite number?
False
Is 182593 a composite number?
False
Is 3449 a composite number?
False
Is 897019 a composite number?
False
Is 60439 a composite number?
True
Is 246049 a prime number?
True
Is 185711 a composite number?
False
Is 2179 a prime number?
True
Is 33551 prime?
False
Is 367949 a composite number?
False
Is 277117 composite?
True
Is 5183 a composite number?
True
Is 566135 prime?
False
Is 8059 composite?
False
Is 8513 a prime number?
True
Is 156941 composite?
False
Is 272531 prime?
False
Is 95063 prime?
True
Is 653495 composite?
True
Is 567689 a prime number?
True
Is 1104119 a composite number?
False
Is 33563 a composite number?
False
Is 1264379 composite?
True
Is 12293 a prime number?
False
Is 17561 prime?
False
Is 46711 prime?
False
Is 2153 prime?
True
Is 2095 composite?
True
Is 18339 a prime number?
False
Is 238367 a composite number?
True
Is 1151 a composite number?
False
Is 3898 a prime number?
False
Is 111551 composite?
True
Is 36041 a composite number?
True
Is 5669 a prime number?